21 (base 9) to base 11
-91
What is -5 (base 12) in base 2?
-101
Convert -21 (base 9) to base 16.
-13
What is -14 (base 16) in base 12?
-18
Convert 0 (base 8) to base 2.
0
50 (base 12) to base 9
66
What is -100 (base 2) in base 10?
-4
What is 2 (base 16) in base 2?
10
What is -5 (base 11) in base 3?
-12
-47 (base 11) to base 6
-123
4 (base 16) to base 6
4
Convert -11010 (base 2) to base 16.
-1a
Convert 4 (base 7) to base 9.
4
220 (base 3) to base 15
19
Convert 97 (base 13) to base 2.
1111100
Convert -100 (base 3) to base 13.
-9
What is -1 (base 8) in base 5?
-1
Convert 16 (base 15) to base 10.
21
Convert 20 (base 3) to base 7.
6
14 (base 9) to base 2
1101
-17 (base 12) to base 5
-34
0 (base 3) to base 4
0
What is -125 (base 16) in base 7?
-566
What is 32 (base 4) in base 3?
112
Convert 132 (base 6) to base 5.
211
-40 (base 7) to base 12
-24
-3 (base 11) to base 14
-3
What is 32 (base 10) in base 11?
2a
Convert 4 (base 15) to base 5.
4
Convert -89 (base 10) to base 3.
-10022
13 (base 8) to base 5
21
What is -155 (base 13) in base 15?
-10e
-116 (base 9) to base 5
-341
What is -101111101 (base 2) in base 5?
-3011
-21 (base 4) to base 8
-11
-2 (base 7) to base 11
-2
What is 2 (base 14) in base 10?
2
What is -31 (base 7) in base 16?
-16
Convert -3 (base 11) to base 9.
-3
Convert -30 (base 11) to base 4.
-201
What is 0 (base 14) in base 16?
0
Convert -35 (base 8) to base 15.
-1e
Convert 22 (base 7) to base 3.
121
-25 (base 9) to base 6
-35
441 (base 8) to base 15
144
Convert 1 (base 15) to base 6.
1
226 (base 7) to base 8
166
Convert -9 (base 10) to base 2.
-1001
Convert -6 (base 11) to base 5.
-11
99 (base 14) to base 16
87
What is 52 (base 6) in base 10?
32
Convert -6 (base 15) to base 10.
-6
-1021 (base 4) to base 6
-201
What is -26 (base 16) in base 12?
-32
What is 14 (base 9) in base 12?
11
What is -1 (base 5) in base 6?
-1
What is 15 (base 14) in base 5?
34
What is 627 (base 8) in base 16?
197
Convert -20 (base 16) to base 6.
-52
a (base 13) to base 7
13
What is -4 (base 14) in base 10?
-4
Convert -1 (base 5) to base 10.
-1
Convert 12 (base 8) to base 9.
11
Convert 25 (base 7) to base 6.
31
31 (base 12) to base 4
211
259 (base 12) to base 16
165
Convert 0 (base 6) to base 7.
0
Convert 10000 (base 2) to base 11.
15
What is 10 (base 2) in base 10?
2
-3 (base 11) to base 10
-3
44 (base 9) to base 13
31
What is 1220 (base 3) in base 16?
33
11110 (base 2) to base 10
30
What is -32 (base 15) in base 11?
-43
6 (base 11) to base 5
11
What is 101 (base 8) in base 7?
122
-10 (base 10) to base 11
-a
Convert -109 (base 12) to base 7.
-306
0 (base 8) to base 15
0
What is -5 (base 14) in base 12?
-5
Convert 16 (base 13) to base 6.
31
Convert -1 (base 10) to base 2.
-1
What is -10 (base 10) in base 9?
-11
Convert 332 (base 4) to base 10.
62
Convert -14 (base 16) to base 2.
-10100
Convert -1010 (base 2) to base 8.
-12
Convert 1 (base 10) to base 8.
1
b (base 14) to base 11
10
What is b (base 14) in base 8?
13
Convert 3 (base 8) to base 9.
3
Convert -55 (base 7) to base 13.
-31
Convert 10000 (base 2) to base 9.
17
Convert -10111 (base 2) to base 8.
-27
What is -b (base 15) in base 9?
-12
-6 (base 15) to base 3
-20
Convert -2a (base 13) to base 10.
-36
-5 (base 7) to base 15
-5
What is -1 (base 11) in base 8?
-1
What is 5 (base 14) in base 4?
11
What is 244 (base 6) in base 13?
79
What is 50 (base 12) in base 16?
3c
Convert -21 (base 4) to base 16.
-9
-4 (base 5) to base 14
-4
Convert 152 (base 14) to base 3.
100221
Convert -300 (base 4) to base 12.
-40
-1c6 (base 14) to base 5
-2440
-1 (base 3) to base 5
-1
What is 3 (base 10) in base 6?
3
-26 (base 9) to base 12
-20
What is -102 (base 7) in base 11?
-47
34 (base 6) to base 12
1a
What is 0 (base 7) in base 2?
0
What is -1 (base 4) in base 6?
-1
20 (base 5) to base 4
22
-94 (base 11) to base 14
-75
What is -112 (base 7) in base 13?
-46
Convert 3 (base 14) to base 2.
11
102 (base 3) to base 13
b
-6 (base 12) to base 14
-6
What is 1020 (base 4) in base 14?
52
0 (base 6) to base 9
0
-101 (base 5) to base 3
-222
What is -72 (base 11) in base 15?
-54
Convert -14 (base 6) to base 7.
-13
What is -216 (base 14) in base 3?
-120021
What is -25 (base 13) in base 8?
-37
Convert c0 (base 13) to base 14.
b2
Convert -298 (base 11) to base 10.
-349
Convert 13 (base 8) to base 4.
23
Convert -1100011 (base 2) to base 6.
-243
Convert -30 (base 4) to base 2.
-1100
Convert 1000001 (base 2) to base 15.
45
Convert -6a (base 12) to base 16.
-52
-26 (base 16) to base 12
-32
Convert -1 (base 8) to base 7.
-1
-4 (base 6) to base 10
-4
Convert 2010 (base 4) to base 3.
11220
Convert -4 (base 8) to base 5.
-4
Convert 1 (base 2) to base 7.
1
Convert -2 (base 4) to base 16.
-2
1 (base 2) to base 15
1
What is -1011 (base 2) in base 6?
-15
-343 (base 5) to base 2
-1100010
What is 5 (base 16) in base 15?
5
0 (base 14) to base 10
0
Convert 100010 (base 2) to base 13.
28
What is -10001010 (base 2) in base 5?
-1023
434 (base 6) to base 4
2212
What is 11 (base 6) in base 3?
21
What is 5 (base 6) in base 3?
12
What is 60 (base 10) in base 15?
40
Convert 6 (base 9) to base 3.
20
Convert 0 (base 11) to base 8.
0
What is 11 (base 4) in base 8?
5
Convert 28 (base 9) to base 13.
20
What is 5 (base 10) in base 15?
5
What is -43 (base 9) in base 15?
-29
What is -46 (base 15) in base 8?
-102
What is 120 (base 3) in base 9?
16
-15 (base 7) to base 14
-c
-11111101 (base 2) to base 3
-100101
Convert 10 (base 8) to base 3.
22
What is -121 (base 4) in base 3?
-221
Convert -15 (base 7) to base 13.
-c
What is 0 (base 4) in base 9?
0
What is -1000 (base 3) in base 14?
-1d
65 (base 7) to base 4
233
0 (base 8) to base 16
0
Convert 14 (base 6) to base 12.
a
Convert 1101 (base 3) to base 12.
31
2 (base 5) to base 8
2
Convert 0 (base 9) to base 10.
0
What is -441 (base 5) in base 11?
-100
What is 32 (base 4) in base 5?
24
Convert 16 (base 9) to base 16.
f
-106 (base 8) to base 2
-1000110
What is 52 (base 13) in base 11?
61
What is -444 (base 5) in base 4?
-1330
What is -3 (base 5) in base 9?
-3
What is 36 (base 9) in base 5?
113
Convert 126 (base 7) to base 15.
49
What is 13 (base 8) in base 7?
14
43 (base 6) to base 2
11011
What is -2 (base 11) in base 14?
-2
Convert 50 (base 7) to base 9.
38
Convert -2 (base 13) to base 9.
-2
31 (base 14) to base 10
43
Convert -43 (base 9) to base 3.
-1110
What is 2 (base 14) in base 16?
2
What is -20 (base 6) in base 4?
-30
Convert -189 (base 12) to base 14.
-13b
What is -3 (base 4) in base 2?
-11
Convert 143 (base 9) to base 6.
320
-3 (base 7) to base 14
-3
What is 144 (base 10) in base 12?
100
-90 (base 10) to base 6
-230
What is -3 (base 7) in base 4?
-3
What is -19 (base 15) in base 4?
-120
3 (base 4) to base 14
3
What is 12 (base 3) in base 11?
5
Convert -10101100 (base 2) to base 13.
-103
-101 (base 3) to base 11
-a
Convert -1 (base 5) to base 9.
-1
What is a (base 14) in base 13?
a
-2 (base 5) to base 11
-2
-1 (base 12) to base 11
-1
-c (base 14) to base 2
-1100
0 (base 8) to base 15
0
0 (base 5) to base 14
0
Convert -111 (base 3) to base 5.
-23
-1 (base 6) to base 8
-1
Convert 1 (base 4) to base 16.
1
Convert -1 (base 8) to base 6.
-1
12 (base 14) to base 9
17
-2100 (base 3) to base 16
-3f
Convert -45 (base 8) to base 13.
-2b
What is 100 (base 2) in base 12?
4
2e (base 16) to base 14
34
Convert -51 (base 9) to base 2.
-101110
3 (base 8) to base 5
3
1 (base 10) to base 15
1
Convert 16 (base 8) to base 3.
112
Convert e (base 16) to base 15.
e
What is -4 (base 13) in base 8?
-4
Convert -32 (base 16) to base 5.
-200
What is 8 (base 12) in base 15?
8
What is 30 (base 7) in base 4?
111
-3 (base 11) to base 6
-3
Convert -221 (base 5) to base 9.
-67
What is -26 (base 14) in base 15?
-24
Convert -31 (base 4) to base 7.
-16
Convert -1 (base 3) to base 9.
-1
What is 3 (base 9) in base 3?
10
What is -10 (base 2) in base 15?
-2
What is -10 (base 3) in base 11?
-3
-26 (base 13) to base 4
-200
What is 3 (base 6) in base 11?
3
23 (base 14) to base 16
1f
What is -1 (base 12) in base 2?
-1
Convert -1 (base 9) to base 15.
-1
Convert c5 (base 13) to base 7.
320
Convert -11 (base 5) to base 8.
-6
109 (base 11) to base 4
2002
-1a0 (base 12) to base 11
-220
Convert -72 (base 10) to base 14.
-52
What is 11 (base 6) in base 2?
111
Convert 0 (base 